{"id":111,"date":"2025-11-16T13:15:29","date_gmt":"2025-11-16T13:15:29","guid":{"rendered":"https:\/\/www.veeraink.fi\/?page_id=111"},"modified":"2025-11-16T13:15:29","modified_gmt":"2025-11-16T13:15:29","slug":"tatuointistudio","status":"publish","type":"page","link":"https:\/\/www.veeraink.fi\/index.php\/tatuointistudio\/","title":{"rendered":"Tatuointistudio"},"content":{"rendered":"\n    \n    <section class=\"u-clearfix u-container-align-center u-section-2\" id=\"sec-451c\">\n      <div class=\"u-clearfix u-sheet u-valign-middle-sm u-valign-middle-xs u-sheet-1\">\n        <div class=\"data-layout-selected u-clearfix u-expanded-width u-gutter-10 u-layout-wrap u-layout-wrap-1\">\n          <div class=\"u-gutter-0 u-layout\">\n            <div class=\"u-layout-row\">\n              <div class=\"u-container-style u-layout-cell u-size-30 u-layout-cell-1\">\n                <div class=\"u-container-layout u-valign-top u-container-layout-1\" src=\"\">\n                  <img decoding=\"async\" class=\"u-expanded-width u-hidden-sm u-hidden-xs u-image u-image-default u-image-1\" src=\"https:\/\/www.veeraink.fi\/wp-content\/uploads\/2025\/11\/B8lhDNdn.jpg\" alt=\"\" data-image-width=\"1140\" data-image-height=\"1713\">\n                <\/div>\n              <\/div>\n              <div class=\"u-container-style u-layout-cell u-size-30 u-layout-cell-2\">\n                <div class=\"u-container-layout u-container-layout-2\">\n                  <h5 class=\"u-align-left-lg u-align-left-xl u-custom-font u-font-montserrat u-text u-text-1\"> Tatuointistudio<\/h5>\n                  <p class=\"u-align-left-lg u-align-left-xl u-custom-font u-font-montserrat u-text u-text-grey-80 u-text-2\"> Tatuointistudioni l\u00f6yd\u00e4t tunnelmallisesta Takat\u00f6\u00f6l\u00f6st\u00e4 Helsingist\u00e4 osoitteesta Minna Canthin katu 24.&nbsp;<br>\n                    <br>Studio\n toimii Niittyt\u00f6\u00f6l\u00f6 kampaamon vieress\u00e4 ja on auki sopimuksen mukaan.&nbsp; \nSis\u00e4\u00e4nk\u00e4ynti l\u00f6ytyy Niittyt\u00f6\u00f6l\u00f6n oikealta puolelta.&nbsp;&nbsp;<br>Studion tatuointimusteet ovat EU-direktiivien mukaiset.<br>\n                    <br>Saavuthan paikalle \nvarattuna aikana ja yksin, sill\u00e4 tatuointistudiolla ei ole odotustilaa \nerikseen.&nbsp;<br>\n                    <br>L\u00e4mpim\u00e4sti tervetuloa. \n                  <\/p>\n                <\/div>\n              <\/div>\n            <\/div>\n          <\/div>\n        <\/div>\n      <\/div>\n    <\/section>\n    <section class=\"u-align-center u-clearfix u-container-align-center u-section-3\" id=\"sec-efcc\">\n      <div class=\"u-clearfix u-sheet u-sheet-1\">\n        <div class=\"u-expanded-width u-gallery u-layout-grid u-lightbox u-no-transition u-show-text-none u-gallery-1\">\n          <div class=\"u-gallery-inner u-gallery-inner-1\">\n            <div class=\"u-effect-hover-zoom u-gallery-item\">\n              <div class=\"u-back-slide\" data-image-width=\"2048\" data-image-height=\"1363\">\n                <img decoding=\"async\" class=\"u-back-image u-expanded\" src=\"https:\/\/www.veeraink.fi\/wp-content\/uploads\/2025\/11\/zROicPUp.jpg\">\n              <\/div>\n              <div class=\"u-over-slide u-shading u-over-slide-1\"><\/div>\n            <\/div>\n            <div class=\"u-effect-hover-zoom u-gallery-item\">\n              <div class=\"u-back-slide\" data-image-width=\"1363\" data-image-height=\"2048\">\n                <img decoding=\"async\" class=\"u-back-image u-expanded\" src=\"https:\/\/www.veeraink.fi\/wp-content\/uploads\/2025\/11\/qZ1NlA17.jpg\">\n              <\/div>\n              <div class=\"u-over-slide u-shading u-over-slide-2\"><\/div>\n            <\/div>\n            <div class=\"u-effect-hover-zoom u-gallery-item\">\n              <div class=\"u-back-slide\" data-image-width=\"1363\" data-image-height=\"2048\">\n                <img decoding=\"async\" class=\"u-back-image u-expanded\" src=\"https:\/\/www.veeraink.fi\/wp-content\/uploads\/2025\/11\/LOJjmOQP.jpg\">\n              <\/div>\n              <div class=\"u-over-slide u-shading u-over-slide-3\"><\/div>\n            <\/div>\n            <div class=\"u-effect-hover-zoom u-gallery-item\">\n              <div class=\"u-back-slide\" data-image-width=\"1363\" data-image-height=\"2048\">\n                <img decoding=\"async\" class=\"u-back-image u-expanded\" src=\"https:\/\/www.veeraink.fi\/wp-content\/uploads\/2025\/11\/jEIO4B40.jpg\">\n              <\/div>\n              <div class=\"u-over-slide u-shading u-over-slide-4\"><\/div>\n            <\/div>\n            <div class=\"u-effect-hover-zoom u-gallery-item\">\n              <div class=\"u-back-slide\" data-image-width=\"1363\" data-image-height=\"2048\">\n                <img decoding=\"async\" class=\"u-back-image u-expanded\" src=\"https:\/\/www.veeraink.fi\/wp-content\/uploads\/2025\/11\/72rqLcK1.jpg\">\n              <\/div>\n              <div class=\"u-over-slide u-shading u-over-slide-5\"><\/div>\n            <\/div>\n          <\/div>\n        <\/div>\n      <\/div>\n    <\/section>\n    \n    \n    \n  \n","protected":false},"excerpt":{"rendered":"<p>Tatuointistudio Tatuointistudioni l\u00f6yd\u00e4t tunnelmallisesta Takat\u00f6\u00f6l\u00f6st\u00e4 Helsingist\u00e4 osoitteesta Minna Canthin katu 24.&nbsp; Studio toimii Niittyt\u00f6\u00f6l\u00f6 kampaamon vieress\u00e4 ja on auki sopimuksen mukaan.&nbsp; Sis\u00e4\u00e4nk\u00e4ynti l\u00f6ytyy Niittyt\u00f6\u00f6l\u00f6n oikealta puolelta.&nbsp;&nbsp;Studion tatuointimusteet ovat EU-direktiivien mukaiset. Saavuthan paikalle varattuna aikana ja yksin, sill\u00e4 tatuointistudiolla ei ole odotustilaa erikseen.&nbsp; L\u00e4mpim\u00e4sti tervetuloa.<\/p>\n","protected":false},"author":1,"featured_media":0,"parent":0,"menu_order":0,"comment_status":"closed","ping_status":"closed","template":"","meta":{"footnotes":""},"class_list":["post-111","page","type-page","status-publish","hentry"],"_links":{"self":[{"href":"https:\/\/www.veeraink.fi\/index.php\/wp-json\/wp\/v2\/pages\/111","targetHints":{"allow":["GET"]}}],"collection":[{"href":"https:\/\/www.veeraink.fi\/index.php\/wp-json\/wp\/v2\/pages"}],"about":[{"href":"https:\/\/www.veeraink.fi\/index.php\/wp-json\/wp\/v2\/types\/page"}],"author":[{"embeddable":true,"href":"https:\/\/www.veeraink.fi\/index.php\/wp-json\/wp\/v2\/users\/1"}],"replies":[{"embeddable":true,"href":"https:\/\/www.veeraink.fi\/index.php\/wp-json\/wp\/v2\/comments?post=111"}],"version-history":[{"count":4,"href":"https:\/\/www.veeraink.fi\/index.php\/wp-json\/wp\/v2\/pages\/111\/revisions"}],"predecessor-version":[{"id":129,"href":"https:\/\/www.veeraink.fi\/index.php\/wp-json\/wp\/v2\/pages\/111\/revisions\/129"}],"wp:attachment":[{"href":"https:\/\/www.veeraink.fi\/index.php\/wp-json\/wp\/v2\/media?parent=111"}],"curies":[{"name":"wp","href":"https:\/\/api.w.org\/{rel}","templated":true}]}}